{"version":"1.0","provider_name":"Label Suisse Festival 2024","provider_url":"https:\/\/labelsuisse.ch\/archive\/2024\/de\/","author_name":"comm@labelsuisse.ch","author_url":"https:\/\/labelsuisse.ch\/archive\/2024\/de\/author\/commlabelsuisse-ch\/","title":"Manon Mullener 5tet - Label Suisse Festival 2024","type":"rich","width":600,"height":338,"html":"<blockquote class=\"wp-embedded-content\" data-secret=\"87Zg9CGA4F\"><a href=\"https:\/\/labelsuisse.ch\/archive\/2024\/de\/event\/manon-mullener-5tet\/\">Manon Mullener 5tet<\/a><\/blockquote><iframe sandbox=\"allow-scripts\" security=\"restricted\" src=\"https:\/\/labelsuisse.ch\/archive\/2024\/de\/event\/manon-mullener-5tet\/embed\/#?secret=87Zg9CGA4F\" width=\"600\" height=\"338\" title=\"&#8222;Manon Mullener 5tet&#8220; &#8211; Label Suisse Festival 2024\" data-secret=\"87Zg9CGA4F\" frameborder=\"0\" marginwidth=\"0\" marginheight=\"0\" scrolling=\"no\" class=\"wp-embedded-content\"><\/iframe><script>\n\/*! This file is auto-generated *\/\n!function(d,l){\"use strict\";l.querySelector&&d.addEventListener&&\"undefined\"!=typeof URL&&(d.wp=d.wp||{},d.wp.receiveEmbedMessage||(d.wp.receiveEmbedMessage=function(e){var t=e.data;if((t||t.secret||t.message||t.value)&&!\/[^a-zA-Z0-9]\/.test(t.secret)){for(var s,r,n,a=l.querySelectorAll('iframe[data-secret=\"'+t.secret+'\"]'),o=l.querySelectorAll('blockquote[data-secret=\"'+t.secret+'\"]'),c=new RegExp(\"^https?:$\",\"i\"),i=0;i<o.length;i++)o[i].style.display=\"none\";for(i=0;i<a.length;i++)s=a[i],e.source===s.contentWindow&&(s.removeAttribute(\"style\"),\"height\"===t.message?(1e3<(r=parseInt(t.value,10))?r=1e3:~~r<200&&(r=200),s.height=r):\"link\"===t.message&&(r=new URL(s.getAttribute(\"src\")),n=new URL(t.value),c.test(n.protocol))&&n.host===r.host&&l.activeElement===s&&(d.top.location.href=t.value))}},d.addEventListener(\"message\",d.wp.receiveEmbedMessage,!1),l.addEventListener(\"DOMContentLoaded\",function(){for(var e,t,s=l.querySelectorAll(\"iframe.wp-embedded-content\"),r=0;r<s.length;r++)(t=(e=s[r]).getAttribute(\"data-secret\"))||(t=Math.random().toString(36).substring(2,12),e.src+=\"#?secret=\"+t,e.setAttribute(\"data-secret\",t)),e.contentWindow.postMessage({message:\"ready\",secret:t},\"*\")},!1)))}(window,document);\n<\/script>\n","thumbnail_url":"https:\/\/labelsuisse.ch\/archive\/2024\/wp-content\/uploads\/2024\/06\/20240819-LABELSUISSE-IG-ARTISTES-91.webp","thumbnail_width":600,"thumbnail_height":750,"description":"Manon Mullener entf\u00fchrt auf eine farbenfrohe Reise mit Groove und Heiterkeit in Richtung tropischer Territorien, durchdrungen von Jazz- und Latinokl\u00e4ngen. Begleitet von jungen Musikern, die vor Energie und Kreativit\u00e4t strotzen, destilliert die talentierte Freiburger Pianistin ihren scharfen Sinn f\u00fcr die Melodie in heitere Kompositionen. Eine Musik f\u00fcr K\u00f6rper und Seele.   Manon Mullener: Klavier, Komposition  Lucien Mullener: Schlagzeug  Samuel Urscheler: Saxofon  Victor Decamp: Posaune  Benjamin Jaton: Kontrabass"}

Manon Mullener entführt auf eine farbenfrohe Reise mit Groove und Heiterkeit in Richtung tropischer Territorien, durchdrungen von Jazz- und Latinoklängen. Begleitet von jungen Musikern, die vor Energie und Kreativität strotzen, destilliert die talentierte Freiburger Pianistin ihren scharfen Sinn für die Melodie in heitere Kompositionen. Eine Musik für Körper und Seele.   Manon Mullener: Klavier, Komposition  Lucien Mullener: Schlagzeug  Samuel Urscheler: Saxofon  Victor Decamp: Posaune  Benjamin Jaton: Kontrabass
