{"version":"1.0","provider_name":"Label Suisse Festival 2024","provider_url":"https:\/\/labelsuisse.ch\/archive\/2024","author_name":"comm@labelsuisse.ch","author_url":"https:\/\/labelsuisse.ch\/archive\/2024\/author\/commlabelsuisse-ch\/","title":"Manon Mullener 5tet - Label Suisse Festival 2024","type":"rich","width":600,"height":338,"html":"<blockquote class=\"wp-embedded-content\" data-secret=\"KKPTiBwpkl\"><a href=\"https:\/\/labelsuisse.ch\/archive\/2024\/event\/manon-mullener-5tet\/\">Manon Mullener 5tet<\/a><\/blockquote><iframe sandbox=\"allow-scripts\" security=\"restricted\" src=\"https:\/\/labelsuisse.ch\/archive\/2024\/event\/manon-mullener-5tet\/embed\/#?secret=KKPTiBwpkl\" width=\"600\" height=\"338\" title=\"\u00ab\u00a0Manon Mullener 5tet\u00a0\u00bb &#8212; Label Suisse Festival 2024\" data-secret=\"KKPTiBwpkl\" frameborder=\"0\" marginwidth=\"0\" marginheight=\"0\" scrolling=\"no\" class=\"wp-embedded-content\"><\/iframe><script>\n\/*! This file is auto-generated *\/\n!function(d,l){\"use strict\";l.querySelector&&d.addEventListener&&\"undefined\"!=typeof URL&&(d.wp=d.wp||{},d.wp.receiveEmbedMessage||(d.wp.receiveEmbedMessage=function(e){var t=e.data;if((t||t.secret||t.message||t.value)&&!\/[^a-zA-Z0-9]\/.test(t.secret)){for(var s,r,n,a=l.querySelectorAll('iframe[data-secret=\"'+t.secret+'\"]'),o=l.querySelectorAll('blockquote[data-secret=\"'+t.secret+'\"]'),c=new RegExp(\"^https?:$\",\"i\"),i=0;i<o.length;i++)o[i].style.display=\"none\";for(i=0;i<a.length;i++)s=a[i],e.source===s.contentWindow&&(s.removeAttribute(\"style\"),\"height\"===t.message?(1e3<(r=parseInt(t.value,10))?r=1e3:~~r<200&&(r=200),s.height=r):\"link\"===t.message&&(r=new URL(s.getAttribute(\"src\")),n=new URL(t.value),c.test(n.protocol))&&n.host===r.host&&l.activeElement===s&&(d.top.location.href=t.value))}},d.addEventListener(\"message\",d.wp.receiveEmbedMessage,!1),l.addEventListener(\"DOMContentLoaded\",function(){for(var e,t,s=l.querySelectorAll(\"iframe.wp-embedded-content\"),r=0;r<s.length;r++)(t=(e=s[r]).getAttribute(\"data-secret\"))||(t=Math.random().toString(36).substring(2,12),e.src+=\"#?secret=\"+t,e.setAttribute(\"data-secret\",t)),e.contentWindow.postMessage({message:\"ready\",secret:t},\"*\")},!1)))}(window,document);\n<\/script>\n","thumbnail_url":"https:\/\/labelsuisse.ch\/archive\/2024\/wp-content\/uploads\/2024\/06\/20240819-LABELSUISSE-IG-ARTISTES-91.webp","thumbnail_width":600,"thumbnail_height":750,"description":"Manon Mullener nous emm\u00e8ne dans un voyage haut en couleurs, en groove et en fra\u00eecheur, naviguant vers des territoires tropicaux qui r\u00e9sonnent de sonorit\u00e9s jazz et latines. Accompagn\u00e9e de jeunes musiciens d\u00e9bordants d\u2019\u00e9nergie et de cr\u00e9ativit\u00e9, la talentueuse pianiste fribourgeoise distille son sens aiguis\u00e9 de la m\u00e9lodie dans des compositions solaires. Une musique d\u00e9di\u00e9e au corps et \u00e0 l'esprit.   Manon Mullener: piano, composition  Lucien Mullener: batterie  Samuel Urscheler: saxophone  Victor Decamp: trombone  Benjamin Jaton: contrebasse"}

Manon Mullener nous emmène dans un voyage haut en couleurs, en groove et en fraîcheur, naviguant vers des territoires tropicaux qui résonnent de sonorités jazz et latines. Accompagnée de jeunes musiciens débordants d’énergie et de créativité, la talentueuse pianiste fribourgeoise distille son sens aiguisé de la mélodie dans des compositions solaires. Une musique dédiée au corps et à l'esprit.   Manon Mullener: piano, composition  Lucien Mullener: batterie  Samuel Urscheler: saxophone  Victor Decamp: trombone  Benjamin Jaton: contrebasse
