{"version":"1.0","provider_name":"Label Suisse Festival 2024","provider_url":"https:\/\/labelsuisse.ch\/archive\/2024","author_name":"christophe.jornod@labelsuisse.ch","author_url":"https:\/\/labelsuisse.ch\/archive\/2024\/author\/christophe-jornodlabelsuisse-ch\/","title":"Milla - Label Suisse Festival 2024","type":"rich","width":600,"height":338,"html":"<blockquote class=\"wp-embedded-content\" data-secret=\"55lNdMqqXB\"><a href=\"https:\/\/labelsuisse.ch\/archive\/2024\/event\/milla\/\">Milla<\/a><\/blockquote><iframe sandbox=\"allow-scripts\" security=\"restricted\" src=\"https:\/\/labelsuisse.ch\/archive\/2024\/event\/milla\/embed\/#?secret=55lNdMqqXB\" width=\"600\" height=\"338\" title=\"\u00ab\u00a0Milla\u00a0\u00bb &#8212; Label Suisse Festival 2024\" data-secret=\"55lNdMqqXB\" frameborder=\"0\" marginwidth=\"0\" marginheight=\"0\" scrolling=\"no\" class=\"wp-embedded-content\"><\/iframe><script>\n\/*! This file is auto-generated *\/\n!function(d,l){\"use strict\";l.querySelector&&d.addEventListener&&\"undefined\"!=typeof URL&&(d.wp=d.wp||{},d.wp.receiveEmbedMessage||(d.wp.receiveEmbedMessage=function(e){var t=e.data;if((t||t.secret||t.message||t.value)&&!\/[^a-zA-Z0-9]\/.test(t.secret)){for(var s,r,n,a=l.querySelectorAll('iframe[data-secret=\"'+t.secret+'\"]'),o=l.querySelectorAll('blockquote[data-secret=\"'+t.secret+'\"]'),c=new RegExp(\"^https?:$\",\"i\"),i=0;i<o.length;i++)o[i].style.display=\"none\";for(i=0;i<a.length;i++)s=a[i],e.source===s.contentWindow&&(s.removeAttribute(\"style\"),\"height\"===t.message?(1e3<(r=parseInt(t.value,10))?r=1e3:~~r<200&&(r=200),s.height=r):\"link\"===t.message&&(r=new URL(s.getAttribute(\"src\")),n=new URL(t.value),c.test(n.protocol))&&n.host===r.host&&l.activeElement===s&&(d.top.location.href=t.value))}},d.addEventListener(\"message\",d.wp.receiveEmbedMessage,!1),l.addEventListener(\"DOMContentLoaded\",function(){for(var e,t,s=l.querySelectorAll(\"iframe.wp-embedded-content\"),r=0;r<s.length;r++)(t=(e=s[r]).getAttribute(\"data-secret\"))||(t=Math.random().toString(36).substring(2,12),e.src+=\"#?secret=\"+t,e.setAttribute(\"data-secret\",t)),e.contentWindow.postMessage({message:\"ready\",secret:t},\"*\")},!1)))}(window,document);\n<\/script>\n","thumbnail_url":"https:\/\/labelsuisse.ch\/archive\/2024\/wp-content\/uploads\/2024\/05\/20240506-LABELSUISSE-IG-ARTISTES-21.webp","thumbnail_width":600,"thumbnail_height":750,"description":"Collaboratrice de Marc Aymon, de J\u00e9r\u00e9mie Kisling ou d\u2019Aliose, Milla Besson a secou\u00e9 son monde d\u00e9but 2024 en publiant Courbes, \u00e9patant premier EP. \u00c9l\u00e9gance folle, m\u00e9lodies poignantes, trame d\u00e9licate tiss\u00e9e entre instruments acoustiques et touches \u00e9lectro raffin\u00e9es, la chanteuse valaisanne touche droit au c\u0153ur et s\u2019impose parmi les artistes en vue de la sc\u00e8ne romande actuelle."}

Collaboratrice de Marc Aymon, de Jérémie Kisling ou d’Aliose, Milla Besson a secoué son monde début 2024 en publiant Courbes, épatant premier EP. Élégance folle, mélodies poignantes, trame délicate tissée entre instruments acoustiques et touches électro raffinées, la chanteuse valaisanne touche droit au cœur et s’impose parmi les artistes en vue de la scène romande actuelle.
