{"version":"1.0","provider_name":"Label Suisse Festival","provider_url":"https:\/\/labelsuisse.ch\/de\/","author_name":"comm@labelsuisse.ch","author_url":"https:\/\/labelsuisse.ch\/de\/author\/commlabelsuisse-ch\/","title":"Lady O - Label Suisse Festival","type":"rich","width":600,"height":338,"html":"<blockquote class=\"wp-embedded-content\" data-secret=\"D35D1Zhnma\"><a href=\"https:\/\/labelsuisse.ch\/de\/event\/lady-o\/\">Lady O<\/a><\/blockquote><iframe sandbox=\"allow-scripts\" security=\"restricted\" src=\"https:\/\/labelsuisse.ch\/de\/event\/lady-o\/embed\/#?secret=D35D1Zhnma\" width=\"600\" height=\"338\" title=\"&#8222;Lady O&#8220; &#8211; Label Suisse Festival\" data-secret=\"D35D1Zhnma\" frameborder=\"0\" marginwidth=\"0\" marginheight=\"0\" scrolling=\"no\" class=\"wp-embedded-content\"><\/iframe><script>\n\/*! This file is auto-generated *\/\n!function(d,l){\"use strict\";l.querySelector&&d.addEventListener&&\"undefined\"!=typeof URL&&(d.wp=d.wp||{},d.wp.receiveEmbedMessage||(d.wp.receiveEmbedMessage=function(e){var t=e.data;if((t||t.secret||t.message||t.value)&&!\/[^a-zA-Z0-9]\/.test(t.secret)){for(var s,r,n,a=l.querySelectorAll('iframe[data-secret=\"'+t.secret+'\"]'),o=l.querySelectorAll('blockquote[data-secret=\"'+t.secret+'\"]'),c=new RegExp(\"^https?:$\",\"i\"),i=0;i<o.length;i++)o[i].style.display=\"none\";for(i=0;i<a.length;i++)s=a[i],e.source===s.contentWindow&&(s.removeAttribute(\"style\"),\"height\"===t.message?(1e3<(r=parseInt(t.value,10))?r=1e3:~~r<200&&(r=200),s.height=r):\"link\"===t.message&&(r=new URL(s.getAttribute(\"src\")),n=new URL(t.value),c.test(n.protocol))&&n.host===r.host&&l.activeElement===s&&(d.top.location.href=t.value))}},d.addEventListener(\"message\",d.wp.receiveEmbedMessage,!1),l.addEventListener(\"DOMContentLoaded\",function(){for(var e,t,s=l.querySelectorAll(\"iframe.wp-embedded-content\"),r=0;r<s.length;r++)(t=(e=s[r]).getAttribute(\"data-secret\"))||(t=Math.random().toString(36).substring(2,12),e.src+=\"#?secret=\"+t,e.setAttribute(\"data-secret\",t)),e.contentWindow.postMessage({message:\"ready\",secret:t},\"*\")},!1)))}(window,document);\n\/\/# sourceURL=https:\/\/labelsuisse.ch\/wp-includes\/js\/wp-embed.min.js\n<\/script>\n","thumbnail_url":"https:\/\/labelsuisse.ch\/wp-content\/uploads\/2026\/05\/Orange_2_evygherardi.webp","thumbnail_width":2274,"thumbnail_height":2274,"description":"18 Jahre alt und schon jetzt eine einzigartige Stimme: Die durch The Voice bekannt gewordene Lausannerin l\u00e4sst niemanden kalt. Oriana hat nicht darauf gewartet, entdeckt zu werden. Bekannt geworden ist sie bei The Voice 2006 mit einem Lana-Del-Rey-Coversong, der s\u00e4mtliche Coaches \u00fcberzeugte. Die gerade mal vollj\u00e4hrige Lausannerin baut parallel ein Afro-Pop-Universum zwischen Jazz, R&amp;B und Hip-Hop auf. Eine starke und bewegende Stimme, ungefilterte Texte \u00fcber den aus den Fugen geratenen Alltag: eine K\u00fcnstlerin, die man aus n\u00e4chster N\u00e4he mitverfolgen sollte."}

18 Jahre alt und schon jetzt eine einzigartige Stimme: Die durch The Voice bekannt gewordene Lausannerin lässt niemanden kalt. Oriana hat nicht darauf gewartet, entdeckt zu werden. Bekannt geworden ist sie bei The Voice 2006 mit einem Lana-Del-Rey-Coversong, der sämtliche Coaches überzeugte. Die gerade mal volljährige Lausannerin baut parallel ein Afro-Pop-Universum zwischen Jazz, R&amp;B und Hip-Hop auf. Eine starke und bewegende Stimme, ungefilterte Texte über den aus den Fugen geratenen Alltag: eine Künstlerin, die man aus nächster Nähe mitverfolgen sollte.
